{"id":40,"date":"2016-10-25T11:20:22","date_gmt":"2016-10-25T09:20:22","guid":{"rendered":"http:\/\/www.konditorei-sader.it\/it\/?page_id=40"},"modified":"2017-02-09T10:17:37","modified_gmt":"2017-02-09T09:17:37","slug":"la-pasticceria-sader","status":"publish","type":"page","link":"https:\/\/www.konditorei-sader.it\/it\/","title":{"rendered":"La pasticceria Sader"},"content":{"rendered":"<p>Nella nostra <strong>pasticceria<\/strong> produciamo da decenni <strong>dolciumi \u201cnobili\u201d<\/strong>, usando <strong>ingredienti pregiati<\/strong>, materie prime<strong> finissime e fresche <\/strong>senza l\u2019utilizzo di premiscelati, al fine di creare <strong>prodotti unici<\/strong> di <strong>alta qualit\u00e0<\/strong>. Il <strong>know how<\/strong> tecnico, le diversit\u00e0 di stagione e la nostra creativit\u00e0 ci permettono di trasmettere ai nostri clienti un\u2019esperienza di gusto unica, moderna e delicata.<br \/>\nLa filosofia personale del nostro maestro pasticcere \u00e8 infatti la seguente:<br \/>\n\u201eSpesso e volentieri lavoro con <strong>ricette<\/strong> di cucina <strong>della nonna<\/strong> e con <strong>ricette tradizionali<\/strong> di pasticcerie famose in tutt&#8217; Europa; il fascino e la sfida di questo mix \u00e8 riuscire ad adattarle alle attuali tendenze di oggi facendo particolare attenzione agli ingredienti, ai dosaggi di zucchero ed all\u2019uso delle gelatine.\u201d<br \/>\nMaestro pasticcere Stefan Sader<\/p>\n<p>Qualit\u00e0 massima, amore per il dettaglio e servizio personalizzato, questi sono gli ingredienti che potete assaporare giornalmente nella nostra pasticceria!<\/p>\n","protected":false},"excerpt":{"rendered":"<p>Nella nostra pasticceria produciamo da decenni dolciumi \u201cnobili\u201d, usando ingredienti pregiati, materie prime finissime e fresche senza l\u2019utilizzo di premiscelati, al fine di creare prodotti unici di alta qualit\u00e0. Il know how tecnico, le diversit\u00e0 di stagione e la nostra creativit\u00e0 ci permettono di trasmettere ai nostri clienti un\u2019esperienza di gusto unica, moderna e delicata. [&hellip;]<\/p>\n","protected":false},"author":1,"featured_media":290,"parent":0,"menu_order":0,"comment_status":"closed","ping_status":"closed","template":"page-home.php","meta":[],"_links":{"self":[{"href":"https:\/\/www.konditorei-sader.it\/it\/wp-json\/wp\/v2\/pages\/40"}],"collection":[{"href":"https:\/\/www.konditorei-sader.it\/it\/wp-json\/wp\/v2\/pages"}],"about":[{"href":"https:\/\/www.konditorei-sader.it\/it\/wp-json\/wp\/v2\/types\/page"}],"author":[{"embeddable":true,"href":"https:\/\/www.konditorei-sader.it\/it\/wp-json\/wp\/v2\/users\/1"}],"replies":[{"embeddable":true,"href":"https:\/\/www.konditorei-sader.it\/it\/wp-json\/wp\/v2\/comments?post=40"}],"version-history":[{"count":0,"href":"https:\/\/www.konditorei-sader.it\/it\/wp-json\/wp\/v2\/pages\/40\/revisions"}],"wp:featuredmedia":[{"embeddable":true,"href":"https:\/\/www.konditorei-sader.it\/it\/wp-json\/wp\/v2\/media\/290"}],"wp:attachment":[{"href":"https:\/\/www.konditorei-sader.it\/it\/wp-json\/wp\/v2\/media?parent=40"}],"curies":[{"name":"wp","href":"https:\/\/api.w.org\/{rel}","templated":true}]}}

<p>Nella nostra <strong>pasticceria</strong> produciamo da decenni <strong>dolciumi “nobili”</strong>, usando <strong>ingredienti pregiati</strong>, materie prime<strong> finissime e fresche </strong>senza l’utilizzo di premiscelati, al fine di creare <strong>prodotti unici</strong> di <strong>alta qualità</strong>. Il <strong>know how</strong> tecnico, le diversità di stagione e la nostra creatività ci permettono di trasmettere ai nostri clienti un’esperienza di gusto unica, moderna e delicata.<br />
La filosofia personale del nostro maestro pasticcere è infatti la seguente:<br />
„Spesso e volentieri lavoro con <strong>ricette</strong> di cucina <strong>della nonna</strong> e con <strong>ricette tradizionali</strong> di pasticcerie famose in tutt&#8217; Europa; il fascino e la sfida di questo mix è riuscire ad adattarle alle attuali tendenze di oggi facendo particolare attenzione agli ingredienti, ai dosaggi di zucchero ed all’uso delle gelatine.”<br />
Maestro pasticcere Stefan Sader</p>
<p>Qualità massima, amore per il dettaglio e servizio personalizzato, questi sono gli ingredienti che potete assaporare giornalmente nella nostra pasticceria!</p>

<p>Nella nostra pasticceria produciamo da decenni dolciumi “nobili”, usando ingredienti pregiati, materie prime finissime e fresche senza l’utilizzo di premiscelati, al fine di creare prodotti unici di alta qualità. Il know how tecnico, le diversità di stagione e la nostra creatività ci permettono di trasmettere ai nostri clienti un’esperienza di gusto unica, moderna e delicata. [&hellip;]</p>
