{"id":261,"date":"2017-02-01T13:54:49","date_gmt":"2017-02-01T12:54:49","guid":{"rendered":"http:\/\/www.konditorei-sader.it\/?page_id=261\/"},"modified":"2023-06-22T07:47:11","modified_gmt":"2023-06-22T05:47:11","slug":"editoriale-privacy","status":"publish","type":"page","link":"https:\/\/www.konditorei-sader.it\/it\/editoriale-privacy\/","title":{"rendered":"Editoriale &#038; privacy"},"content":{"rendered":"<h3>Committente &amp; proprietario<\/h3>\n<p>Pasticceria Sader<br \/>\nd. Aleo Manuel<br \/>\nVia Andreas Hofer 9\/1<br \/>\nI-39011 Lana (BZ)<br \/>\nT +39 0473 562 199<br \/>\n<a href=\"mailto:&#105;n&#102;o&#64;k&#111;&#110;&#100;&#105;&#116;o&#114;ei-&#115;ad&#101;r.it\">&#105;&#110;&#102;&#111;&#64;&#107;&#111;nd&#105;t&#111;&#114;ei-sa&#100;&#101;&#114;&#46;&#105;&#116;<\/a><\/p>\n<p>P-IVA: 03174080212<\/p>\n<h3>Design, programmazione &amp; CMS<\/h3>\n<p>ps-design<br \/>\nd. Pircher Stefan<br \/>\nVia Monte Luco 24<br \/>\nI-39011 Lana (BZ)<br \/>\nM +39 333 3914367<br \/>\n<a href=\"mailto:&#105;&#110;f&#111;&#64;&#112;&#115;&#45;&#100;&#101;sig&#110;.&#105;&#116;\">&#105;nfo&#64;&#112;&#115;&#45;&#100;es&#105;&#103;&#110;.it<\/a><\/p>\n<h3>Foto e illustrazioni<\/h3>\n<p>Mr. Charly Photography<\/p>\n<h3>Indicazioni &amp; avviso di responsabilit\u00e0<\/h3>\n<p>Tutte le dichiarazioni e i contenuti di questo sito sono stati controllati con cura. Ci\u00f2 nonostante non viene assunta alcuna responsabilit\u00e1 per la garanzia, la correttezza, la completezza e l\u2019aggiornamento dei dati. La pasticceria Sader non \u00e9 responsabile per i contenuti del sito che si riferiscono ai collegamenti ipertestuali. Questo vale anche per per gli altri siti internet. Ci riserviamo il diritto, di modificare, aggiornare o aggiungere informazioni ai dati e alle informazioni messi a disposizione.<\/p>\n<h3>Copyright<\/h3>\n<p>Concetto, struttura e contenuti di questo sito internet sono protetti dai diritti d\u2019autore. La riproduzione di informazioni o dati, in particolare l\u2019utilizzo di testi, parte di testi o materiale fotografico richiede il consenso preventivo della pasticceria Sader.<\/p>\n<h3>CMS-System<\/h3>\n<p>powered by <a href=\"http:\/\/it.wordpress.org\" target=\"_blank\" rel=\"noopener\">WordPress<\/a><\/p>\n<h3>Google Analytics<\/h3>\n<p>Questo sito web utilizza Google Analytics, un servizio di analisi web fornito da Google, Inc. (\u201cGoogle\u201d). Google Analytics utilizza dei \u201ccookies\u201d, che sono file di testo che vengono depositati sul Vostro computer per consentire al sito web di analizzare come gli utenti utilizzano il sito. Le informazioni generate dal cookie sull\u2019utilizzo del sito web da parte Vostra (compreso il Vostro indirizzo IP) verranno trasmesse a, e depositate presso i server di Google negli Stati Uniti. Google utilizzer\u00e0 queste informazioni allo scopo di tracciare e esaminare il Vostro utilizzo del sito web, compilare report sulle attivit\u00e0 del sito web per gli operatori del sito web e fornire altri servizi relativi alle attivit\u00e0 del sito web e all\u2019utilizzo di Internet.<br \/>\nGoogle pu\u00f2 anche trasferire queste informazioni a terzi ove ci\u00f2 sia imposto dalla legge o laddove tali terzi trattino le suddette informazioni per conto di Google. Google non assocer\u00e0 il vostro indirizzo IP a nessun altro dato posseduto da Google. Potete rifiutarvi di usare i cookies selezionando l\u2019impostazione appropriata sul vostro browser, ma ci\u00f2 potrebbe impedirvi di utilizzare tutte le funzionalit\u00e0 di questo sito web. Utilizzando il presente sito web, voi acconsentite al trattamento dei Vostri dati da parte di Google per le modalit\u00e0 e i fini sopraindicati.<\/p>\n<h3 id=\"datenschutz\">Privacy<\/h3>\n<p>Ai sensi dell\u2019art. 13 del decreto legislativo n\u00b0 196 del 30 giugno 2003 e seguenti modifiche e completamenti informiamo, che tutti i dati che ci vengono inviati tramite il nosto sito internet rispettivamente tramite fax, e-mail o posta verranno raccolti e salvati. La nostra societ\u00e0 garantisce un trattamento dei dati personali ai sensi delle disposizioni di legge che rispetta i diritti fondamentali, la libert\u00e0 e la dignit\u00e0 della persona interessata con particolare riferimento alla segretezza, alla identit\u00e0 personale e il diritto di tutela dei dati personali. I dati personali elaborati dalla nostra societ\u00e0 non vengono divulgati.<\/p>\n<p><strong>Il titolare del trattamento dei dati personali \u00e8:<\/strong><br \/>\nAleo Manuel &#8211; Via Andreas Hofer 9\/2, I-39011 Lana (BZ), <a href=\"mailto:&#105;nfo&#64;k&#111;&#110;d&#105;&#116;o&#114;&#101;&#105;&#45;&#115;ad&#101;&#114;&#46;it\">inf&#111;&#64;&#107;&#111;ndit&#111;&#114;ei-s&#97;&#100;&#101;&#114;&#46;it<\/a><\/p>\n","protected":false},"excerpt":{"rendered":"<p>Committente &amp; proprietario Pasticceria Sader d. Aleo Manuel Via Andreas Hofer 9\/1 I-39011 Lana (BZ) T +39 0473 562 199 P-IVA: 03174080212 Design, programmazione &amp; CMS ps-design d. Pircher Stefan Via Monte Luco 24 I-39011 Lana (BZ) M +39 333 3914367 Foto e illustrazioni Mr. Charly Photography Indicazioni &amp; avviso di responsabilit\u00e0 Tutte le dichiarazioni [&hellip;]<\/p>\n","protected":false},"author":1,"featured_media":0,"parent":0,"menu_order":0,"comment_status":"closed","ping_status":"closed","template":"page-std.php","meta":[],"_links":{"self":[{"href":"https:\/\/www.konditorei-sader.it\/it\/wp-json\/wp\/v2\/pages\/261"}],"collection":[{"href":"https:\/\/www.konditorei-sader.it\/it\/wp-json\/wp\/v2\/pages"}],"about":[{"href":"https:\/\/www.konditorei-sader.it\/it\/wp-json\/wp\/v2\/types\/page"}],"author":[{"embeddable":true,"href":"https:\/\/www.konditorei-sader.it\/it\/wp-json\/wp\/v2\/users\/1"}],"replies":[{"embeddable":true,"href":"https:\/\/www.konditorei-sader.it\/it\/wp-json\/wp\/v2\/comments?post=261"}],"version-history":[{"count":0,"href":"https:\/\/www.konditorei-sader.it\/it\/wp-json\/wp\/v2\/pages\/261\/revisions"}],"wp:attachment":[{"href":"https:\/\/www.konditorei-sader.it\/it\/wp-json\/wp\/v2\/media?parent=261"}],"curies":[{"name":"wp","href":"https:\/\/api.w.org\/{rel}","templated":true}]}}

<h3>Committente &amp; proprietario</h3>
<p>Pasticceria Sader<br />
d. Aleo Manuel<br />
Via Andreas Hofer 9/1<br />
I-39011 Lana (BZ)<br />
T +39 0473 562 199<br />
<a href="mailto:&#105;n&#102;o&#64;k&#111;&#110;&#100;&#105;&#116;o&#114;ei-&#115;ad&#101;r.it">&#105;&#110;&#102;&#111;&#64;&#107;&#111;nd&#105;t&#111;&#114;ei-sa&#100;&#101;&#114;&#46;&#105;&#116;</a></p>
<p>P-IVA: 03174080212</p>
<h3>Design, programmazione &amp; CMS</h3>
<p>ps-design<br />
d. Pircher Stefan<br />
Via Monte Luco 24<br />
I-39011 Lana (BZ)<br />
M +39 333 3914367<br />
<a href="mailto:&#105;&#110;f&#111;&#64;&#112;&#115;&#45;&#100;&#101;sig&#110;.&#105;&#116;">&#105;nfo&#64;&#112;&#115;&#45;&#100;es&#105;&#103;&#110;.it</a></p>
<h3>Foto e illustrazioni</h3>
<p>Mr. Charly Photography</p>
<h3>Indicazioni &amp; avviso di responsabilità</h3>
<p>Tutte le dichiarazioni e i contenuti di questo sito sono stati controllati con cura. Ciò nonostante non viene assunta alcuna responsabilitá per la garanzia, la correttezza, la completezza e l’aggiornamento dei dati. La pasticceria Sader non é responsabile per i contenuti del sito che si riferiscono ai collegamenti ipertestuali. Questo vale anche per per gli altri siti internet. Ci riserviamo il diritto, di modificare, aggiornare o aggiungere informazioni ai dati e alle informazioni messi a disposizione.</p>
<h3>Copyright</h3>
<p>Concetto, struttura e contenuti di questo sito internet sono protetti dai diritti d’autore. La riproduzione di informazioni o dati, in particolare l’utilizzo di testi, parte di testi o materiale fotografico richiede il consenso preventivo della pasticceria Sader.</p>
<h3>CMS-System</h3>
<p>powered by <a href="http://it.wordpress.org" target="_blank" rel="noopener">WordPress</a></p>
<h3>Google Analytics</h3>
<p>Questo sito web utilizza Google Analytics, un servizio di analisi web fornito da Google, Inc. (“Google”). Google Analytics utilizza dei “cookies”, che sono file di testo che vengono depositati sul Vostro computer per consentire al sito web di analizzare come gli utenti utilizzano il sito. Le informazioni generate dal cookie sull’utilizzo del sito web da parte Vostra (compreso il Vostro indirizzo IP) verranno trasmesse a, e depositate presso i server di Google negli Stati Uniti. Google utilizzerà queste informazioni allo scopo di tracciare e esaminare il Vostro utilizzo del sito web, compilare report sulle attività del sito web per gli operatori del sito web e fornire altri servizi relativi alle attività del sito web e all’utilizzo di Internet.<br />
Google può anche trasferire queste informazioni a terzi ove ciò sia imposto dalla legge o laddove tali terzi trattino le suddette informazioni per conto di Google. Google non assocerà il vostro indirizzo IP a nessun altro dato posseduto da Google. Potete rifiutarvi di usare i cookies selezionando l’impostazione appropriata sul vostro browser, ma ciò potrebbe impedirvi di utilizzare tutte le funzionalità di questo sito web. Utilizzando il presente sito web, voi acconsentite al trattamento dei Vostri dati da parte di Google per le modalità e i fini sopraindicati.</p>
<h3 id="datenschutz">Privacy</h3>
<p>Ai sensi dell’art. 13 del decreto legislativo n° 196 del 30 giugno 2003 e seguenti modifiche e completamenti informiamo, che tutti i dati che ci vengono inviati tramite il nosto sito internet rispettivamente tramite fax, e-mail o posta verranno raccolti e salvati. La nostra società garantisce un trattamento dei dati personali ai sensi delle disposizioni di legge che rispetta i diritti fondamentali, la libertà e la dignità della persona interessata con particolare riferimento alla segretezza, alla identità personale e il diritto di tutela dei dati personali. I dati personali elaborati dalla nostra società non vengono divulgati.</p>
<p><strong>Il titolare del trattamento dei dati personali è:</strong><br />
Aleo Manuel &#8211; Via Andreas Hofer 9/2, I-39011 Lana (BZ), <a href="mailto:&#105;nfo&#64;k&#111;&#110;d&#105;&#116;o&#114;&#101;&#105;&#45;&#115;ad&#101;&#114;&#46;it">inf&#111;&#64;&#107;&#111;ndit&#111;&#114;ei-s&#97;&#100;&#101;&#114;&#46;it</a></p>

<p>Committente &amp; proprietario Pasticceria Sader d. Aleo Manuel Via Andreas Hofer 9/1 I-39011 Lana (BZ) T +39 0473 562 199 P-IVA: 03174080212 Design, programmazione &amp; CMS ps-design d. Pircher Stefan Via Monte Luco 24 I-39011 Lana (BZ) M +39 333 3914367 Foto e illustrazioni Mr. Charly Photography Indicazioni &amp; avviso di responsabilità Tutte le dichiarazioni [&hellip;]</p>
